{"id":315,"date":"2020-05-02T12:23:37","date_gmt":"2020-05-02T11:23:37","guid":{"rendered":"https:\/\/dentexpress.fr\/?page_id=315"},"modified":"2020-05-02T12:23:37","modified_gmt":"2020-05-02T11:23:37","slug":"qui-sommes-nous-2","status":"publish","type":"page","link":"https:\/\/www.dentexpress.fr\/index.php\/qui-sommes-nous-2\/","title":{"rendered":"Qui sommes-nous ?"},"content":{"rendered":"\n<p class=\"has-normal-font-size\"><strong>Professionnalisme, rigueur et r\u00e9activit\u00e9 sont les ma\u00eetres mots du laboratoire DentExpress.<\/strong><\/p>\n\n\n\n<p class=\"has-text-align-center has-medium-font-size\">Disponibilit\u00e9 et r\u00e9activit\u00e9<\/p>\n\n\n\n<p class=\"has-normal-font-size\">Apr\u00e8s avoir travaill\u00e9 plusieurs ann\u00e9es pour des laboratoires parisiens, St\u00e9phane Maloberti cr\u00e9\u00e9 en 2015, DENTEXPRESS, un laboratoire sp\u00e9cialis\u00e9 en proth\u00e8ses adjointes et r\u00e9parations. Soucieux du travail bien fait, il met \u00e0 votre disposition ses 25 ans d&rsquo;exp\u00e9riences et se veut proche de ses clients. C&rsquo;est pourquoi il sait se rendre <strong>disponible pour tous conseils ou essayages au cabinet dentaire.<\/strong><\/p>\n\n\n\n<p class=\"has-text-align-center has-medium-font-size\">Retrait des marchandises<\/p>\n\n\n\n<p class=\"has-normal-font-size\">Afin de mieux r\u00e9pondre \u00e0 vos attentes, <strong>contactez-nous au 06 27 17 65 11 pour fixer un rendez-vous et <\/strong>ainsi optimiser le temps de r\u00e9cup\u00e9ration de vos travaux.<\/p>\n\n\n\n<p class=\"has-text-align-center has-medium-font-size\">Votre avantage<\/p>\n\n\n\n<p class=\"has-normal-font-size\"><strong>Un interlocuteur unique :<\/strong> votre proth\u00e9siste St\u00e9phane Maloberti au 06 27 17 65 11<\/p>\n","protected":false},"excerpt":{"rendered":"<p>Professionnalisme, rigueur et r\u00e9activit\u00e9 sont les ma\u00eetres mots du laboratoire DentExpress. Disponibilit\u00e9 et r\u00e9activit\u00e9 Apr\u00e8s avoir travaill\u00e9 plusieurs ann\u00e9es pour des laboratoires parisiens, St\u00e9phane Maloberti cr\u00e9\u00e9 en 2015, DENTEXPRESS, un laboratoire sp\u00e9cialis\u00e9 en proth\u00e8ses adjointes et r\u00e9parations. Soucieux du travail &hellip; <a href=\"https:\/\/www.dentexpress.fr\/index.php\/qui-sommes-nous-2\/\">Continuer la lecture <span class=\"meta-nav\">&rarr;<\/span><\/a><\/p>\n","protected":false},"author":2,"featured_media":82,"parent":0,"menu_order":0,"comment_status":"closed","ping_status":"closed","template":"","meta":{"footnotes":""},"class_list":["post-315","page","type-page","status-publish","has-post-thumbnail","hentry"],"_links":{"self":[{"href":"https:\/\/www.dentexpress.fr\/index.php\/wp-json\/wp\/v2\/pages\/315","targetHints":{"allow":["GET"]}}],"collection":[{"href":"https:\/\/www.dentexpress.fr\/index.php\/wp-json\/wp\/v2\/pages"}],"about":[{"href":"https:\/\/www.dentexpress.fr\/index.php\/wp-json\/wp\/v2\/types\/page"}],"author":[{"embeddable":true,"href":"https:\/\/www.dentexpress.fr\/index.php\/wp-json\/wp\/v2\/users\/2"}],"replies":[{"embeddable":true,"href":"https:\/\/www.dentexpress.fr\/index.php\/wp-json\/wp\/v2\/comments?post=315"}],"version-history":[{"count":0,"href":"https:\/\/www.dentexpress.fr\/index.php\/wp-json\/wp\/v2\/pages\/315\/revisions"}],"wp:featuredmedia":[{"embeddable":true,"href":"https:\/\/www.dentexpress.fr\/index.php\/wp-json\/wp\/v2\/media\/82"}],"wp:attachment":[{"href":"https:\/\/www.dentexpress.fr\/index.php\/wp-json\/wp\/v2\/media?parent=315"}],"curies":[{"name":"wp","href":"https:\/\/api.w.org\/{rel}","templated":true}]}}