{"id":192,"date":"2020-03-29T12:22:01","date_gmt":"2020-03-29T11:22:01","guid":{"rendered":"https:\/\/dentexpress.fr\/?page_id=192"},"modified":"2020-03-29T12:22:01","modified_gmt":"2020-03-29T11:22:01","slug":"les-p-e-i-et-les-gouttieres","status":"publish","type":"page","link":"https:\/\/www.dentexpress.fr\/index.php\/qui-sommes-nous\/les-p-e-i-et-les-gouttieres\/","title":{"rendered":"Les P.E.I. et les goutti\u00e8res"},"content":{"rendered":"\n<p class=\"has-normal-font-size\"><strong>Le porte-empreinte individuel (P.E.I)<\/strong> permet la r\u00e9alisation de l&#8217;empreinte secondaire. il pr\u00e9sente les caract\u00e9ristiques suivantes : rigide, ind\u00e9formable, \u00e9paisseur 2mm. Fabriqu\u00e9 enti\u00e8rement en r\u00e9sine sur le mod\u00e8le en pl\u00e2tre issu de l&#8217;empreinte primaire.<\/p>\n\n\n\n<p class=\"has-normal-font-size\"><br>L<strong>es goutti\u00e8res de d\u00e9socclusion<\/strong> sont g\u00e9n\u00e9ralement fabriqu\u00e9es en mati\u00e8re plastique sur mesure pour s&rsquo;adapter parfaitement \u00e0 la bouche de chaque patient. Elles se placent sur l&rsquo;un des maxillaires, sup\u00e9rieur ou inf\u00e9rieur pendant la nuit . Elles sont essentiellement recommand\u00e9es aux personnes souffrant de bruxisme (grincer des dents).<\/p>\n\n\n\n<p><br><strong>Les goutti\u00e8res de blanchiment <\/strong>des dents sont utilis\u00e9es de diff\u00e9rentes fa\u00e7ons. Le blanchiment ambulatoire utilise des goutti\u00e8res thermoform\u00e9es combin\u00e9es \u00e0 du gel de peroxyde de carbamide. Ces goutti\u00e8res doivent ensuite \u00eatre port\u00e9es plus de 3 heures par jour pendant environ 2 semaines.<\/p>\n\n\n\n<p><br><strong>La goutti\u00e8re de contention<\/strong>, indispensable apr\u00e8s un traitement orthodontique, est une goutti\u00e8re transparente en plastique qui doit \u00eatre port\u00e9e \u00e0 plein temps, sauf pour les repas et le brossage des dents, pendant une p\u00e9riode initiale de plusieurs semaines, puis seulement la nuit pour une p\u00e9riode d&rsquo;au moins un an<\/p>\n\n\n\n<p class=\"has-text-align-center\" style=\"font-size:18px\"><strong>Pour connaitre nos tarifs, contactez-nous au 06 27 17 65 11 ou par mail \u00e0 dentexpress77@gmail.com<\/strong><\/p>\n\n\n\n<div class=\"wp-block-jetpack-slideshow aligncenter\" data-effect=\"slide\"><div class=\"wp-block-jetpack-slideshow_container swiper-container\"><ul class=\"wp-block-jetpack-slideshow_swiper-wrapper swiper-wrapper\"><li class=\"wp-block-jetpack-slideshow_slide swiper-slide\"><figure><img decoding=\"async\" alt=\"\" class=\"wp-block-jetpack-slideshow_image wp-image-358\" data-id=\"358\" src=\"http:\/\/dentexpress.alwaysdata.net\/wp-content\/uploads\/2020\/05\/adobestock_102651776.jpeg?w=1024\"\/><\/figure><\/li><li class=\"wp-block-jetpack-slideshow_slide swiper-slide\"><figure><img decoding=\"async\" alt=\"\" class=\"wp-block-jetpack-slideshow_image wp-image-359\" data-id=\"359\" src=\"http:\/\/dentexpress.alwaysdata.net\/wp-content\/uploads\/2020\/05\/adobestock_163056276.jpeg?w=1024\"\/><\/figure><\/li><li class=\"wp-block-jetpack-slideshow_slide swiper-slide\"><figure><img loading=\"lazy\" decoding=\"async\" width=\"2500\" height=\"1667\" alt=\"\" class=\"wp-block-jetpack-slideshow_image wp-image-360\" data-id=\"360\" src=\"http:\/\/dentexpress.alwaysdata.net\/wp-content\/uploads\/2020\/05\/adobestock_192214896.jpeg?w=1024\" srcset=\"https:\/\/www.dentexpress.fr\/wp-content\/uploads\/2020\/05\/adobestock_192214896.jpeg 2500w, https:\/\/www.dentexpress.fr\/wp-content\/uploads\/2020\/05\/adobestock_192214896-300x200.jpeg 300w, https:\/\/www.dentexpress.fr\/wp-content\/uploads\/2020\/05\/adobestock_192214896-1024x683.jpeg 1024w, https:\/\/www.dentexpress.fr\/wp-content\/uploads\/2020\/05\/adobestock_192214896-768x512.jpeg 768w, https:\/\/www.dentexpress.fr\/wp-content\/uploads\/2020\/05\/adobestock_192214896-1536x1024.jpeg 1536w, https:\/\/www.dentexpress.fr\/wp-content\/uploads\/2020\/05\/adobestock_192214896-2048x1366.jpeg 2048w\" sizes=\"auto, (max-width: 2500px) 100vw, 2500px\" \/><\/figure><\/li><\/ul><a class=\"wp-block-jetpack-slideshow_button-prev swiper-button-prev swiper-button-white\" role=\"button\"><\/a><a class=\"wp-block-jetpack-slideshow_button-next swiper-button-next swiper-button-white\" role=\"button\"><\/a><a aria-label=\"Pause Slideshow\" class=\"wp-block-jetpack-slideshow_button-pause\" role=\"button\"><\/a><div class=\"wp-block-jetpack-slideshow_pagination swiper-pagination swiper-pagination-white\"><\/div><\/div><\/div>\n\n\n\n<p><\/p>\n","protected":false},"excerpt":{"rendered":"<p>Le porte-empreinte individuel (P.E.I) permet la r\u00e9alisation de l&#8217;empreinte secondaire. il pr\u00e9sente les caract\u00e9ristiques suivantes : rigide, ind\u00e9formable, \u00e9paisseur 2mm. Fabriqu\u00e9 enti\u00e8rement en r\u00e9sine sur le mod\u00e8le en pl\u00e2tre issu de l&#8217;empreinte primaire. Les goutti\u00e8res de d\u00e9socclusion sont g\u00e9n\u00e9ralement fabriqu\u00e9es &hellip; <a href=\"https:\/\/www.dentexpress.fr\/index.php\/qui-sommes-nous\/les-p-e-i-et-les-gouttieres\/\">Continuer la lecture <span class=\"meta-nav\">&rarr;<\/span><\/a><\/p>\n","protected":false},"author":2,"featured_media":242,"parent":168,"menu_order":2,"comment_status":"closed","ping_status":"closed","template":"","meta":{"footnotes":""},"class_list":["post-192","page","type-page","status-publish","has-post-thumbnail","hentry"],"_links":{"self":[{"href":"https:\/\/www.dentexpress.fr\/index.php\/wp-json\/wp\/v2\/pages\/192","targetHints":{"allow":["GET"]}}],"collection":[{"href":"https:\/\/www.dentexpress.fr\/index.php\/wp-json\/wp\/v2\/pages"}],"about":[{"href":"https:\/\/www.dentexpress.fr\/index.php\/wp-json\/wp\/v2\/types\/page"}],"author":[{"embeddable":true,"href":"https:\/\/www.dentexpress.fr\/index.php\/wp-json\/wp\/v2\/users\/2"}],"replies":[{"embeddable":true,"href":"https:\/\/www.dentexpress.fr\/index.php\/wp-json\/wp\/v2\/comments?post=192"}],"version-history":[{"count":0,"href":"https:\/\/www.dentexpress.fr\/index.php\/wp-json\/wp\/v2\/pages\/192\/revisions"}],"up":[{"embeddable":true,"href":"https:\/\/www.dentexpress.fr\/index.php\/wp-json\/wp\/v2\/pages\/168"}],"wp:featuredmedia":[{"embeddable":true,"href":"https:\/\/www.dentexpress.fr\/index.php\/wp-json\/wp\/v2\/media\/242"}],"wp:attachment":[{"href":"https:\/\/www.dentexpress.fr\/index.php\/wp-json\/wp\/v2\/media?parent=192"}],"curies":[{"name":"wp","href":"https:\/\/api.w.org\/{rel}","templated":true}]}}